{"id":1246,"date":"2017-03-28T14:59:04","date_gmt":"2017-03-28T12:59:04","guid":{"rendered":"http:\/\/carobna-pot.si\/?page_id=1246"},"modified":"2018-12-18T15:05:01","modified_gmt":"2018-12-18T13:05:01","slug":"aktualno-meno-kraljica","status":"publish","type":"page","link":"https:\/\/carobna-pot.si\/?page_id=1246","title":{"rendered":"AKTUALNO: program &#8220;Meno kraljica&#8221;"},"content":{"rendered":"<p>[et_pb_section admin_label=&#8221;section&#8221;][et_pb_row admin_label=&#8221;row&#8221;][et_pb_column type=&#8221;4_4&#8243;][et_pb_text admin_label=&#8221;Text&#8221;]<\/p>\n<ul>\n<li><span style=\"color: #000000; font-family: Calibri;\">Se\u00a0ti zdi, da je zaradi zrelih let prepozno za\u00a0tvoje sanje, kariero, da lahko \u010daka\u0161 samo \u0161e na slab\u0161anje zdravja in staranje?\u00a0<\/span><\/li>\n<li><span style=\"color: #000000; font-family: Calibri;\">Ima\u0161 te\u017eave z oblivanjem, odve\u010dno te\u017eo, utrujenostjo, nespe\u010dnostjo?<\/span><\/li>\n<li><span style=\"color: #000000; font-family: Calibri;\">Te\u017eko re\u010de\u0161 ne, pri tem pa trpi\u0161, ker zate nikoli ni pravega \u010dasa?<\/span><\/li>\n<li><span style=\"color: #000000; font-family: Calibri;\"><strong><span style=\"color: #800000;\">Si pripravljena narediti nekaj zase?<\/span><\/strong><a href=\"http:\/\/carobna-pot.si\/?attachment_id=1292\" rel=\"attachment wp-att-1292\"><img loading=\"lazy\" decoding=\"async\" class=\"wp-image-1292 size-medium alignleft\" src=\"http:\/\/carobna-pot.si\/wp-content\/uploads\/2017\/03\/cropped-Bled-10.3.2017-300x300.png\" alt=\"\" width=\"300\" height=\"300\" srcset=\"https:\/\/carobna-pot.si\/wp-content\/uploads\/2017\/03\/cropped-Bled-10.3.2017-300x300.png 300w, https:\/\/carobna-pot.si\/wp-content\/uploads\/2017\/03\/cropped-Bled-10.3.2017-150x150.png 150w, https:\/\/carobna-pot.si\/wp-content\/uploads\/2017\/03\/cropped-Bled-10.3.2017-270x270.png 270w, https:\/\/carobna-pot.si\/wp-content\/uploads\/2017\/03\/cropped-Bled-10.3.2017-192x192.png 192w, https:\/\/carobna-pot.si\/wp-content\/uploads\/2017\/03\/cropped-Bled-10.3.2017-180x180.png 180w, https:\/\/carobna-pot.si\/wp-content\/uploads\/2017\/03\/cropped-Bled-10.3.2017-32x32.png 32w, https:\/\/carobna-pot.si\/wp-content\/uploads\/2017\/03\/cropped-Bled-10.3.2017.png 512w\" sizes=\"(max-width: 300px) 100vw, 300px\" \/><\/a><\/span><\/li>\n<\/ul>\n<p><span style=\"color: #000000; font-family: Calibri;\">Potem je program <strong><span style=\"color: #800000;\">IZ MENO D(R)AME v MENO KRALJICO<\/span> <\/strong>pravi zate! Ve\u010d o programu si preberi tule <\/span><\/p>\n<p><a href=\"http:\/\/nadicalukman.carobna-pot.si\/uvodna\/\">http:\/\/nadicalukman.carobna-pot.si\/uvodna\/<\/a><\/p>\n<p><span style=\"color: #000000; font-family: Calibri;\">Veselim se dru\u017eenja s tabo, bodo\u010da MENO KRALJICA .<br \/>\n<\/span><\/p>\n<p><span style=\"color: #000000; font-family: Calibri;\">\u00a0<\/span><\/p>\n<p><em>\u00a0<\/em><\/p>\n<p>&nbsp;<\/p>\n<p>&nbsp;<\/p>\n<p>[\/et_pb_text][\/et_pb_column][\/et_pb_row][\/et_pb_section]<\/p>\n","protected":false},"excerpt":{"rendered":"<p>Se\u00a0ti zdi, da je zaradi zrelih let prepozno za\u00a0tvoje sanje, kariero, da lahko \u010daka\u0161 samo \u0161e na slab\u0161anje zdravja in staranje?\u00a0 Ima\u0161 te\u017eave z oblivanjem, odve\u010dno te\u017eo, utrujenostjo, nespe\u010dnostjo? Te\u017eko re\u010de\u0161 ne, pri tem pa trpi\u0161, ker zate nikoli ni pravega \u010dasa? Si pripravljena narediti nekaj zase? Potem je program IZ MENO D(R)AME v MENO [&hellip;]<\/p>\n","protected":false},"author":1,"featured_media":0,"parent":0,"menu_order":0,"comment_status":"closed","ping_status":"closed","template":"","meta":{"_et_pb_use_builder":"on","_et_pb_old_content":"","_et_gb_content_width":"","footnotes":""},"_links":{"self":[{"href":"https:\/\/carobna-pot.si\/index.php?rest_route=\/wp\/v2\/pages\/1246"}],"collection":[{"href":"https:\/\/carobna-pot.si\/index.php?rest_route=\/wp\/v2\/pages"}],"about":[{"href":"https:\/\/carobna-pot.si\/index.php?rest_route=\/wp\/v2\/types\/page"}],"author":[{"embeddable":true,"href":"https:\/\/carobna-pot.si\/index.php?rest_route=\/wp\/v2\/users\/1"}],"replies":[{"embeddable":true,"href":"https:\/\/carobna-pot.si\/index.php?rest_route=%2Fwp%2Fv2%2Fcomments&post=1246"}],"version-history":[{"count":7,"href":"https:\/\/carobna-pot.si\/index.php?rest_route=\/wp\/v2\/pages\/1246\/revisions"}],"predecessor-version":[{"id":1671,"href":"https:\/\/carobna-pot.si\/index.php?rest_route=\/wp\/v2\/pages\/1246\/revisions\/1671"}],"wp:attachment":[{"href":"https:\/\/carobna-pot.si\/index.php?rest_route=%2Fwp%2Fv2%2Fmedia&parent=1246"}],"curies":[{"name":"wp","href":"https:\/\/api.w.org\/{rel}","templated":true}]}}